 4184 = 0. What is the greatest common divisor of u and 4?
1
Suppose -3 = 4*l + 5. Let i(o) = -o**3 + 3*o + 1. Let s be i(l). Let q be (-1496)/66*s*-1. What is the greatest common divisor of 51 and q?
17
Let f(c) = -c**3 + 3*c**2 + c - 3. Let k be f(3). Suppose k = q + 22 + 20. Let j be (q/5)/((-9)/30). Calculate the highest common divisor of 70 and j.
14
Let i(l) = 3*l**3 + l**2 - 5*l + 2. Let k be i(1). Let m(g) = 15*g + 9. Let z be m(k). What is the highest common factor of z and 6?
6
Suppose 274*k - 270*k = 5*r - 8313, -3*r - 3*k + 5004 = 0. Calculate the highest common divisor of r and 315.
45
Suppose o = 1513*j - 1518*j + 1991, -o - 4 = 0. What is the highest common divisor of 273 and j?
21
Let d(m) = 2*m**2 + 13*m + 16. Let s be d(-8). Suppose -3*q - 4 = l - 6*q, 5*l - 3*q = s. Let x = 111 - 67. What is the highest common divisor of x and l?
11
Let f(h) = 24*h**2 + 292*h + 2724. Let w be f(-9). What is the highest common divisor of w and 72?
24
Let d = 0 + 2. Let z = 8 - d. Let v = -682 - -724. Calculate the greatest common factor of v and z.
6
Let q = -1314 - -4829. Calculate the greatest common factor of 190 and q.
95
Suppose -5*k + 201 = b, -b + 9*b = -5*k + 1713. Calculate the highest common divisor of b and 7704.
72
Let s be (-5*8/2)/(-129 - -131). Let n be (56/s)/((-5)/150). What is the highest common factor of 72 and n?
24
Suppose 0 = 4*j + 460*f - 455*f - 1174, -2*j + 5*f + 602 = 0. Calculate the highest common factor of j and 851.
37
Suppose -14*i + 1375 = y - 17*i, -3*y = i - 4125. Calculate the greatest common factor of y and 375.
125
Let v be 243/8 - (-420)/(-1120). Let m be (-488)/(-12) - 4*4/24. What is the greatest common factor of m and v?
10
Suppose -3*r - 697 = -2*h, 5*h = r + 1235 + 475. Calculate the highest common factor of 93 and h.
31
Let s be 10/20*36/(-3 - -4). What is the greatest common factor of 4338 and s?
18
Let i(n) = 4836*n + 52. Let j be i(1). What is the highest common factor of 13 and j?
13
Let k(h) = 4*h**3 - 7*h**2 - 5*h - 19. Let x be k(4). Calculate the greatest common divisor of 700 and x.
35
Suppose 15964 = 72*s + 6532. What is the highest common factor of s and 1179?
131
Suppose 8480 = 36*c - 71548. What is the highest common divisor of c and 468?
117
Let m be ((-4)/3)/((-5)/15). Suppose -537 - 191 = m*b. Let c = -52 - b. Calculate the greatest common factor of 13 and c.
13
Suppose -n = 4*y - 55, 184 = 2*y + 194. What is the greatest common divisor of n and 1000?
25
Suppose 3*h - 97*h + 1291 = -3409. Calculate the highest common divisor of 2570 and h.
10
Let m = 90 - 30. Suppose -10*i = -86*i + 2030 + 8610. What is the greatest common divisor of m and i?
20
Suppose 3*k = 4*b - 14575, 4*k + 10877 + 7340 = 5*b. What is the highest common factor of 356 and b?
89
Suppose -22*k + 109 = -551. Let r be k/(-40) - ((-54)/8 + 0). What is the highest common factor of r and 123?
3
Suppose -2*h - 4*z = 2*h - 56, 44 = 3*h + 4*z. Suppose -h*j - 8 = -10*j, 460 = 4*i - 3*j. Calculate the highest common factor of i and 14.
14
Let g = 2816 - 2756. What is the greatest common factor of 410 and g?
10
Suppose p - 72 = -7*p. Suppose -12*g = -15*g - p. Let z be 15/(-20)*(-195 - g). What is the greatest common divisor of 16 and z?
16
Suppose 0 = -2*s - 4*f + 352, -4*s + 622 = -f - 37. What is the highest common divisor of 16 and s?
2
Let d be (6/8)/((-36)/(-336)). Suppose -7 = -y + d. What is the highest common factor of 406 and y?
14
Let r(u) = 148*u + 2040. Let q be r(-13). What is the greatest common divisor of 6902 and q?
58
Let y be -3 + 375 + (-2)/(-1). Let x = y + -362. What is the highest common divisor of 108 and x?
12
Suppose 27 + 36 = -3*k. Let z = k - -24. Suppose p + z*j - 4*j = 24, 0 = -2*p - j + 63. What is the highest common divisor of p and 261?
29
Let o be (-30)/(-6)*(1 - 2/10). Let w be 20/o + (1 - 18/(-3)). Let s = -7 - -115. What is the greatest common divisor of s and w?
12
Let f(j) = -58*j + 1126. Let z be f(11). What is the highest common factor of 1830 and z?
122
Suppose t = -0*t + 76. Let r be (-1)/(-7) + (-868)/(-98). Suppose -209 = -r*d - 2*d. What is the highest common factor of t and d?
19
Let n(t) = t**2 + 6*t + 9. Let g be n(-4). Let w = g + 12. Suppose 4*q + h = 140 + 21, -5*q = h - 200. What is the greatest common factor of w and q?
13
Let s = -295 - -308. Let c be (-3)/((15/6)/5). Let g be (2/c)/((-1)/429). What is the greatest common divisor of s and g?
13
Let o be 68/(-10)*(-13 + 3). Suppose -5*i - 2*l + 79 = 0, 15*l = 4*i + 13*l - 74. Suppose -i = 172*y - 173*y. Calculate the greatest common factor of o and y.
17
Let b = 682 - 325. Suppose 3*r = 3 + b. Calculate the greatest common divisor of 48 and r.
24
Let w(y) = y**3 + 23*y**2 - 22*y - 106. Let c be w(-18). Calculate the highest common factor of 30 and c.
10
Let j be (-6)/(-4)*1632/36. Let o = -56 + j. Let h be (-24)/o*(-1)/(-2)*-5. What is the highest common factor of 5 and h?
5
Let g be 7*11 - (-2 - 4 - -3). Suppose c - 32 = -2*t + 22, -t = -3. Calculate the greatest common divisor of g and c.
16
Let j be -12*4*(-1 + 21/9). Let l = j - -69. Let k(u) = u**3 - 3*u**2 - 5*u - 3. Let w be k(l). What is the highest common factor of w and 154?
22
Suppose 5*n + 5 = 4*d + 6, 0 = 3*d - 5*n + 2. Let a be (-16)/32 - (30/(-4) + d). Suppose -a*c + 103 + 47 = 0. What is the highest common factor of 50 and c?
25
Suppose -l + 7 = -3*a + a, -10 = 5*a. Suppose 3*z - 4*z - 4*b - 230 = 0, -2*z - 449 = -l*b. Let m = z + 721. Calculate the highest common divisor of 45 and m.
45
Suppose 120*k - 42925 - 31251 = 34784. Calculate the greatest common factor of k and 60.
4
Let d = 8 - -20. Let x(k) = k**2 + 4*k + 23. Let u be x(-13). Calculate the highest common divisor of d and u.
28
Let j = 1574 + -1362. Calculate the greatest common divisor of j and 1855.
53
Let j be -2 + (-60)/(-8)*2. Let u be 4 + 0 - (1 - (3 + -4)). Let o be u*2 + 0/1 + 48. What is the highest common factor of j and o?
13
Let g(c) = 5*c**2 - 2*c + 2. Let w be g(1). Suppose 14086*b - 14088*b + 110 = 0. What is the highest common factor of b and w?
5
Let s(y) = -53*y - 496. Let t be s(-12). Calculate the greatest common factor of t and 2212.
28
Suppose 2*l + 2 = 0, -t - 45 = -6*t - 5*l. Let n(q) = 6*q - 21. Let a be n(t). Suppose 3*d - 12*d = -1404. Calculate the highest common divisor of a and d.
39
Let n be 30 + (-1760)/60 + 4282/3. Calculate the highest common factor of n and 1700.
68
Let k be (4125/70 - 27/(-378)) + 9. Suppose 2*z - 1700 = -2*z. Calculate the greatest common factor of k and z.
17
Suppose 0 = 1065*r - 701*r - 48048. What is the highest common divisor of 128 and r?
4
Suppose 5*r = -3*d + 25, 0 = -2*d - r + 3 + 2. Suppose -4*b - 30 - 18 = d. Let a be 24/(-14)*(222/b + 1). What is the highest common factor of a and 6?
6
Suppose -31*u = 18*u - 147. Suppose 5*h - 3*s = 79, 3*h - 73 = -2*h + s. Calculate the greatest common divisor of h and u.
1
Let p be (-35)/(-3)*1*12/4. Suppose -6*x + 235 = -p. Let o = -27 + x. Calculate the greatest common divisor of 45 and o.
9
Suppose w + 4*l - 11 = -2, 2*w = l + 63. Suppose 3*d + w = -4. Let o = 26 + d. Calculate the highest common divisor of 5 and o.
5
Let f(z) = 30*z**3 + 1. Let a be f(1). Let g(x) = 5*x**2 - 221*x - 175. Let d be g(45). Suppose q - a = d. Calculate the greatest common divisor of 48 and q.
12
Let g = 95 - 75. Suppose -445*m + g = -440*m. What is the greatest common divisor of m and 8?
4
Suppose 3*r + 3*a - 766 = -r, 0 = 2*r - a - 378. Let f be (-126)/(-10)*r/57. What is the greatest common factor of 28 and f?
14
Let a(d) = -2*d**3 + 141*d**2 + 65*d + 454. Let n be a(71). What is the greatest common divisor of 1295 and n?
7
Let h be (-19)/(57/(-500))*24/20. What is the greatest common factor of 150 and h?
50
Let g(z) = z**3 + 24*z**2 - 35*z - 64. Let d be g(-26). Let n = -473 - d. What is the highest common divisor of 891 and n?
33
Suppose 82582*p = 82555*p + 648. What is the greatest common divisor of p and 22728?
24
Let p(b) = -b**2 - 9*b + 2. Let g be p(-7). Suppose -29*l + 3471716 = 3469512. Calculate the highest common divisor of g and l.
4
Let r(x) = x**2 + 68*x - 277. Let t be r(-73). What is the highest common factor of t and 275?
11
Let f be -158 + 170 - (-1 + -1 + 0). Calculate the highest common d